= 6*u**2 + 673*u + 18746. Give l(-51).
29
Let i(x) = 2*x**3 - 57*x**2 + 591*x - 243. Determine i(10).
1967
Let s(k) = 25*k**3 + 16428*k**2 + 1974*k + 1907. Give s(-657).
-64
Let w(h) = -3*h**2 - 4635*h + 29. Determine w(0).
29
Let r(a) = 315*a + 4475. Give r(-15).
-250
Let h(u) = -2706*u - 554726. What is h(-205)?
4
Let f(v) = 847*v + 58. Determine f(0).
58
Let c(f) = -7605*f + 68507. What is c(9)?
62
Let d(b) = -10*b**2 - 1020*b + 567. Give d(0).
567
Let r(n) = n**3 - 5*n**2 + 408*n - 2002. Calculate r(5).
38
Let k(u) = 1191*u - 107196. Determine k(90).
-6
Let z(u) = 2421*u + 12384. Calculate z(-5).
279
Let a(l) = l**3 + 591*l**2 + 790*l + 117971. Determine a(-590).
-29
Let b(h) = -7*h**3 - 262*h**2 + 808*h + 20. What is b(3)?
-103
Let p(z) = -14*z**2 - 71*z - 1072. What is p(-21)?
-5755
Let k(z) = 1579*z - 15000. Give k(11).
2369
Let y(c) = 25871*c + 595039. Determine y(-23).
6
Let x(k) = -69*k**3 + 426*k**2 + 2808*k - 10. Calculate x(-4).
-10
Let f(g) = 273*g**2 + 174436*g - 7025. What is f(-639)?
4
Let p(x) = -10*x**3 + 636*x**2 - 1624*x + 2310. Give p(61).
-8
Let g(q) = -2*q**3 - 53*q**2 - 72*q - 102. What is g(-12)?
-3414
Let c(t) = 1937*t + 83027. What is c(-43)?
-264
Let b(z) = -2*z**3 + 15*z**2 + 62*z - 469. What is b(6)?
11
Let w(l) = 2*l**3 + 32*l**2 + 48727*l + 828924. Determine w(-17).
-13
Let v(b) = -b**2 + 1993*b - 2891. Give v(0).
-2891
Let a(y) = 434*y**3 + 6*y**2 + 39*y - 81. Calculate a(2).
3493
Let j(t) = -228*t + 4421. Give j(17).
545
Let q(u) = -3*u**2 - 1702*u - 43424. Calculate q(-26).
-1200
Let n(w) = w**3 - 252*w**2 - 7840*w - 661. What is n(280)?
-661
Let h(f) = -4461*f - 1851. Give h(-1).
2610
Let r(c) = 3*c**3 + 136*c**2 + 240*c + 2615. What is r(-44)?
-201
Let f(s) = 62*s**2 + 986*s - 6628. What is f(-21)?
8
Let f(q) = q**2 + 251*q - 5748. Determine f(-272).
-36
Let r(l) = 6759*l + 1392353. Give r(-206).
-1
Let b(z) = 60*z - 3461. Give b(65).
439
Let j(p) = -11*p**3 - 65*p**2 - 249*p + 46. What is j(-4)?
706
Let g(t) = -4606*t + 1418704. Calculate g(308).
56
Let r(j) = -322*j - 99827. What is r(-310)?
-7
Let f(c) = -581*c + 1078. Determine f(2).
-84
Let d(h) = 67*h**2 - 1808*h - 1808. Determine d(-1).
67
Let s(y) = -41337*y + 330748. Determine s(8).
52
Let j(w) = -794*w - 23360. Determine j(-29).
-334
Let l(i) = -2361*i**2 + 561921*i - 711. Determine l(238).
3
Let p(i) = 2*i**3 - 74*i**2 - 164*i + 181. Give p(39).
-131
Let q(v) = -6*v**3 - 3001*v**2 - 515*v - 7442. Calculate q(-500).
58
Let q(c) = -6*c**3 + 168*c**2 - 44*c + 1310. What is q(28)?
78
Let n(v) = -13671*v - 67887. Determine n(-5).
468
Let t(j) = -4*j**3 + 96*j**2 + 215*j + 985. What is t(26)?
1167
Let o(a) = -3*a**3 - 2*a**2 + 336*a + 1013. Calculate o(-3).
68
Let z(h) = 2*h**3 - 200*h**2 - 38*h + 3782. Calculate z(100).
-18
Let z(f) = -134987*f - 1754832. Determine z(-13).
-1
Let z(l) = -2*l**3 + 273*l**2 - 2647*l + 186. Give z(126).
60
Let a(z) = -2*z**2 - 233*z + 55193. Give a(-238).
-2641
Let t(f) = 576*f - 141113. What is t(245)?
7
Let u(y) = -y**3 + 72*y**2 + 163*y - 5765. Determine u(73).
805
Let c(p) = 1163*p - 19282. Calculate c(16).
-674
Let f(b) = 4*b**3 - 4*b**2 - 49*b + 219. Calculate f(6).
645
Let m(f) = -4990*f + 49981. Calculate m(10).
81
Let q(y) = -13785*y + 1681804. What is q(122)?
34
Let z(y) = 210*y**2 + 11343*y + 156. What is z(-54)?
-6
Let z(h) = -133*h + 2122. What is z(12)?
526
Let n(a) = 3218*a + 27408. Calculate n(-9).
-1554
Let m(i) = -17*i**2 - 207*i + 12683. Determine m(22).
-99
Let l(p) = 115*p - 142. Determine l(2).
88
Let t(h) = 41645*h - 1915671. Calculate t(46).
-1
Let s(g) = -9*g**2 - 169*g + 468. Calculate s(7).
-1156
Let h(t) = 1134*t**2 - 9066*t - 51. Give h(8).
-3
Let z(x) = 1967*x - 57052. Calculate z(29).
-9
Let c(l) = 57*l**3 + 13*l**2 + 252*l + 454. Calculate c(-2).
-454
Let z(p) = -124*p**2 - 107*p + 58. Calculate z(1).
-173
Let l(h) = 2110*h + 451534. Give l(-214).
-6
Let w(g) = -15*g**2 + 624*g - 5325. Give w(12).
3
Let t(g) = 2378*g + 38072. What is t(-16)?
24
Let l(n) = -24*n**2 + 4169*n + 973. Give l(174).
-245
Let q(w) = 7*w**3 - 306*w**2 + 3322*w - 242. Calculate q(24).
-2
Let m(f) = 147*f**2 - 2846*f + 80. What is m(21)?
5141
Let i(u) = u**2 - 551*u + 40125. Determine i(465).
135
Let k(f) = 855*f + 67807. Give k(-79).
262
Let a(l) = l**2 + 135*l + 4072. What is a(-87)?
-104
Let b(l) = -8*l**2 + 2489*l + 10001. What is b(-4)?
-83
Let a(s) = 2330*s - 228314. What is a(98)?
26
Let a(y) = -33*y**3 + 5*y**2 - 53*y - 227. Determine a(-5).
4288
Let v(x) = -11*x**2 + 1111*x + 1049. Determine v(102).
-73
Let r(b) = b**3 + 11*b**2 - 188*b - 2084. Calculate r(-11).
-16
Let p(a) = -125*a**2 - 4113*a - 22. What is p(-33)?
-418
Let z(j) = 107*j + 5758. What is z(-50)?
408
Let m(o) = -2*o**3 - 182*o**2 - 2989*o + 3222. What is m(-69)?
-21
Let f(q) = q**2 - 830*q + 72676. Give f(101).
-953
Let k(d) = 3*d**2 + 979*d + 34395. What is k(-41)?
-701
Let o(f) = f**3 + 215*f**2 - 44852*f - 693. What is o(-345)?
-3
Let b(m) = -410*m + 966. What is b(2)?
146
Let j(x) = 195*x + 5317. Give j(-18).
1807
Let t(v) = -411*v**2 - 6172*v - 21. Give t(-15).
84
Let v(s) = -361*s + 7246. What is v(20)?
26
Let r(g) = 59*g - 1261. What is r(25)?
214
Let x(u) = -u**2 - 112*u - 319. Calculate x(-5).
216
Let s(o) = -23*o**2 - 116*o - 1894. Give s(-15).
-5329
Let b(y) = 210*y**2 + 14280*y + 311. Calculate b(-68).
311
Let s(m) = -m**3 + 20*m**2 + 51*m - 1622. Determine s(18).
-56
Let x(l) = -l**3 - 458*l**2 + 54*l + 24844. Give x(-458).
112
Let y(f) = 26*f**2 + 677*f + 125. What is y(-29)?
2358
Let j(v) = 65*v + 1435. What is j(-39)?
-1100
Let l(g) = 9*g**3 - 16890*g**2 - 22537*g + 1874. Calculate l(1878).
-4
Let t(o) = 3*o**3 + 158*o**2 + 42*o + 144. What is t(-52)?
3368
Let t(r) = -r**3 + 4*r**2 + 141*r - 575. What is t(12)?
-35
Let q(f) = 383*f**2 + 103*f - 217. Calculate q(2).
1521
Let g(t) = 150*t - 14208. What is g(88)?
-1008
Let h(a) = 29*a**3 - 6*a**2 - 11*a + 69. Calculate h(3).
765
Let g(q) = 8*q**3 + 52*q**2 + 39*q + 124. Determine g(-6).
34
Let a(b) = -b**3 + 22*b**2 - 195*b + 1896. Give a(17).
26
Let n(u) = 11091*u - 66651. Give n(6).
-105
Let f(q) = q**2 + 1574*q + 437031. Give f(-360).
-9
Let d(o) = 5*o**2 + 330*o + 2879. Calculate d(-10).
79
Let d(y) = 138*y + 13360. What is d(-97)?
-26
Let u(w) = 236*w - 6935. Give u(36).
1561
Let l(n) = -14*n**2 + 431*n + 1953. Calculate l(-4).
5
Let i(q) = 39174*q - 313261. Give i(8).
131
Let y(c) = -128*c**2 + 323*c - 1741. Calculate y(6).
-4411
Let z(f) = -39*f + 11167. Determine z(286).
13
Let a(t) = 358*t - 94342. Give a(264).
170
Let c(t) = -6*t**3 - 2449*t**2 - 404*t + 1578. Give c(-408).
-54
Let g(s) = s**2 + 11373*s - 319224. Calculate g(28).
4
Let x(g) = -289*g**3 - 6*g**2 + 38*g - 39. Calculate x(1).
-296
Let m(h) = -92*h**2 - 5*h + 22. Determine m(0).
22
Let t(f) = -79*f - 1189. What is t(-38)?
1813
Let t(m) = -2162*m**2 - 6275*m - 22. Give t(-3).
-655
Let o(z) = -100*z**2 - 506*z - 4. Give o(-5).
26
Let l(a) = -a**2 - 73*a - 432. Calculate l(-65).
88
Let q(c) = 17*c**2 - 2428*c - 21815. Give q(-9).
1414
Let g(j) = -j**3 + 360*j**2 - 1417*j - 2253. Give g(356).
239
Let h(a) = 2229*a + 2123. What is h(-1)?
-106
Let z(r) = -r**3 - 5*r**2 + 60*r + 14. Calculate z(8).
-338
Let g(i) = -i**2 - 1118*i - 14366. Give g(-13).
-1
Let c(f) = -2*f**3 - 8*f**2 + 32*f + 62. Calculate c(-5).
-48
Let y(s) = 235*s**2 + 20910*s - 461. Give y(-89).
-16
Let r(a) = -141*a + 7927. Determine r(54).
313
Let u(o) = 7*o**3 - 1632*o**2 + 3466*o - 219. Calculate u(231).
12
Let i(v) = v**3 + 55*v**2 - 37*v + 722. Calculate i(-56).
-342
Let w(c) = -3*c**3 - 1307*c**2 - 877*c - 3037. Give w(-435).
8
Let x(o) = -10*o**2 + 4128*o - 48053. Calculate x(12).
43
Let k(y) = 249301*y + 11966446. Give k(-48).
-2
Let t(q) = 644290*q + 6. Calculate t(0).
6
Let n(c) = -c**3 - 11*c**2 + 10065*c + 480. Determine n(95).
5
Let h(o) = o**3 + 271*o**2 + 1081*o + 4497. Give h(-267).
1026
Let a(j) = -6*j**2 + 48601*j - 2846566. What is a(59)?
7
Let x(o) = -o**3 - 56*o**2 + 223*o + 12401. Calculate x(-56).
-87
Let t(r) = -32*r**2 - 646*r - 15. What is t(0)?
-15
Let l(u) = -u**2 - 550*u - 68586. What is l(-359)?
-17
Let g(y) = 11*y**3 - 522*y**2 - 314*y - 88. Determine g(48).
-1336
Let j(b) = -3820*b - 7430. Give j(-2).
210
Le